{"id":11,"date":"2019-02-16T13:45:53","date_gmt":"2019-02-16T13:45:53","guid":{"rendered":"http:\/\/theshout.de\/?page_id=11"},"modified":"2019-02-16T13:45:53","modified_gmt":"2019-02-16T13:45:53","slug":"impressum","status":"publish","type":"page","link":"http:\/\/theshout.de\/?page_id=11","title":{"rendered":"IMPRESSUM"},"content":{"rendered":"\n<p>Angaben gem\u00e4\u00df \u00a7 5 TMG:<\/p>\n\n\n\n<p>The Shout c\/o Sven Rolfes<br>\nHemelinger Stra\u00dfe 3<br>\n28205 Bremen<\/p>\n\n\n\n<p>Kontakt:<br>\nTelefon: +49 421 7926691<br>\nE-Mail: <a href=\"mailto:info@theshout.de\">info@theshout.de<\/a>Internet: <a href=\"http:\/\/www.theshout.de\/\">www.theshout.de<\/a><\/p>\n\n\n\n<p><strong>Verantwortlich f\u00fcr den Inhalt nach \u00a7 55\nAbs. 2 RStV:<\/strong><\/p>\n\n\n\n<p>Robert\nMeister, Konsul-Smidt-Str.10, 28207 Bremen<\/p>\n\n\n\n<p><strong>Haftung\nf\u00fcr Inhalte<\/strong><\/p>\n\n\n\n<p>Als\nDiensteanbieter sind wir gem\u00e4\u00df \u00a7 7 Abs.1 TMG f\u00fcr eigene Inhalte auf diesen\nSeiten nach den allgemeinen Gesetzen verantwortlich. Nach \u00a7\u00a7 8 bis 10 TMG sind\nwir als Diensteanbieter jedoch nichtverpflichtet, \u00fcbermittelte oder\ngespeicherte fremde Informationen zu \u00fcberwachen oder nach Umst\u00e4nden zu\nforschen, die auf eine rechtswidrige T\u00e4tigkeit hinweisen. Verpflichtungen zur\nEntfernung oder Sperrung der Nutzung von Informationen nach den allgemeinen Gesetzen\nbleiben hiervon unber\u00fchrt. Eine diesbez\u00fcgliche Haftung ist jedoch erst ab dem\nZeitpunkt der Kenntnis einer konkreten Rechtsverletzung m\u00f6glich. Bei\nBekanntwerden von entsprechenden Rechtsverletzungen werden wir diese Inhalte\numgehend entfernen.<\/p>\n\n\n\n<p><strong>Haftung\nf\u00fcr Links<\/strong>Unser Angebot enth\u00e4lt Links zu externen Websites Dritter, auf deren Inhalte\nwir keinen Einfluss haben. Deshalb k\u00f6nnen wir f\u00fcr diese fremden Inhalte auch\nkeine Gew\u00e4hr \u00fcbernehmen. F\u00fcr die Inhalte der verlinkten Seiten ist stets der\njeweilige Anbieter oder Betreiber der Seiten verantwortlich. Die verlinkten Seiten\nwurden zum Zeitpunkt der Verlinkung auf m\u00f6gliche Rechtsverst\u00f6\u00dfe \u00fcberpr\u00fcft.\nRechtswidrige Inhalte waren zum Zeitpunkt der Verlinkung nicht erkennbar. Eine\npermanente inhaltliche Kontrolle der verlinkten Seiten ist jedoch ohne konkrete\nAnhaltspunkte einer Rechtsverletzung nicht zumutbar. Bei Bekanntwerden von\nRechtsverletzungen werden wir derartige Links umgehend entfernen.<\/p>\n\n\n\n<p><strong>Urheberrecht<\/strong><\/p>\n\n\n\n<p>Die durch\ndie Seitenbetreiber erstellten Inhalte und Werke auf diesen Seiten unterliegen\ndem deutschenUrheberrecht. Die Vervielf\u00e4ltigung, Bearbeitung, Verbreitung und\njede Art der Verwertung au\u00dferhalb der Grenzen des Urheberrechtes bed\u00fcrfen der\nschriftlichen Zustimmung des jeweiligen Autors bzw. Erstellers. Downloads und\nKopien dieser Seite sind nur f\u00fcr den privaten, nicht kommerziellen Gebrauch gestattet.\nSoweit die Inhalte auf dieser Seite nicht vom Betreiber erstellt wurden, werden\ndie Urheberrechte Dritter beachtet. Insbesondere werden Inhalte Dritter als\nsolche gekennzeichnet. Sollten Sie trotzdem auf eine Urheberrechtsverletzung\naufmerksam werden, bitten wir um einen entsprechenden Hinweis. Bei Bekanntwerden\nvon Rechtsverletzungen werden wir derartige Inhalte umgehend entfernen.<\/p>\n\n\n\n<h2><strong>Datenschutzerkl\u00e4rung<\/strong><\/h2>\n\n\n\n<p><strong>Datenschutz<\/strong><\/p>\n\n\n\n<p>Die\nBetreiber dieser Seiten nehmen den Schutz Ihrer pers\u00f6nlichen Daten sehr ernst.\nWir behandeln Ihre personenbezogenen Daten vertraulich und entsprechend der\ngesetzlichen Datenschutzvorschriften sowie dieser Datenschutzerkl\u00e4rung. Die\nNutzung unserer Website ist in der Regel ohne Angabe personenbezogener Daten\nm\u00f6glich. Soweit auf unseren Seiten personenbezogene Daten (beispielsweise Name,\nAnschrift oder E-Mail-Adressen)erhoben werden, erfolgt dies, soweit m\u00f6glich,\nstets auf freiwilliger Basis. Diese Daten werden ohne Ihre ausdr\u00fcckliche\nZustimmung nicht an Dritte weitergegeben. Wir weisen darauf hin, dass die\nDaten\u00fcbertragung im Internet (z.B. bei der Kommunikation per\nE-Mail)Sicherheitsl\u00fccken aufweisen kann. Ein l\u00fcckenloser Schutz der Daten vor\ndem Zugriff durch Dritte ist nicht m\u00f6glich.<\/p>\n\n\n\n<p><strong>Kontaktformular<\/strong><\/p>\n\n\n\n<p>Wenn Sie uns\nper Kontaktformular Anfragen zukommen lassen, werden Ihre Angaben aus dem Anfrageformular\ninklusive der von Ihnen dort angegebenen Kontaktdaten zwecks Bearbeitung der Anfrage\nund f\u00fcr den Fall von Anschlussfragen bei uns gespeichert. Diese Daten geben wir\nnicht ohne Ihre Einwilligung weiter.<\/p>\n\n\n\n<p><strong>Recht\nauf Auskunft, L\u00f6schung, Sperrung<\/strong><\/p>\n\n\n\n<p>Sie haben\njederzeit das Recht auf unentgeltliche Auskunft \u00fcber Ihre gespeicherten\npersonenbezogenen Daten, deren Herkunft und Empf\u00e4nger und den Zweck der\nDatenverarbeitung sowie ein Recht auf Berichtigung, Sperrung oder L\u00f6schung\ndieser Daten. Hierzu sowie zu weiteren Fragen zum Thema personenbezogene Daten\nk\u00f6nnen Sie sich jederzeit unter der im Impressum angegebenen Adresse an uns\nwenden.<\/p>\n\n\n\n<p><em>Quellverweis: <a href=\"http:\/\/www.e-recht24.de\/muster-disclaimer.html\" target=\"_blank\" rel=\"noreferrer noopener\">eRecht24<\/a><\/em><\/p>\n","protected":false},"excerpt":{"rendered":"<p>Angaben gem\u00e4\u00df \u00a7 5 TMG: The Shout c\/o Sven Rolfes Hemelinger Stra\u00dfe 3 28205 Bremen Kontakt: Telefon: +49 421 7926691 E-Mail: info@theshout.deInternet: www.theshout.de Verantwortlich f\u00fcr den Inhalt nach \u00a7 55<a href=\"http:\/\/theshout.de\/?page_id=11\" class=\"more-link\"><span class=\"readmore\">Continue reading<span class=\"screen-reader-text\">IMPRESSUM<\/span><\/span><\/a><\/p>\n","protected":false},"author":1,"featured_media":0,"parent":0,"menu_order":0,"comment_status":"closed","ping_status":"closed","template":"","meta":[],"_links":{"self":[{"href":"http:\/\/theshout.de\/index.php?rest_route=\/wp\/v2\/pages\/11"}],"collection":[{"href":"http:\/\/theshout.de\/index.php?rest_route=\/wp\/v2\/pages"}],"about":[{"href":"http:\/\/theshout.de\/index.php?rest_route=\/wp\/v2\/types\/page"}],"author":[{"embeddable":true,"href":"http:\/\/theshout.de\/index.php?rest_route=\/wp\/v2\/users\/1"}],"replies":[{"embeddable":true,"href":"http:\/\/theshout.de\/index.php?rest_route=%2Fwp%2Fv2%2Fcomments&post=11"}],"version-history":[{"count":2,"href":"http:\/\/theshout.de\/index.php?rest_route=\/wp\/v2\/pages\/11\/revisions"}],"predecessor-version":[{"id":37,"href":"http:\/\/theshout.de\/index.php?rest_route=\/wp\/v2\/pages\/11\/revisions\/37"}],"wp:attachment":[{"href":"http:\/\/theshout.de\/index.php?rest_route=%2Fwp%2Fv2%2Fmedia&parent=11"}],"curies":[{"name":"wp","href":"https:\/\/api.w.org\/{rel}","templated":true}]}}